748877?
13, 2134529
List the prime factors of 1780407.
3, 23, 47, 61
What are the prime factors of 2320518?
2, 3, 41, 9433
List the prime factors of 1735047.
3, 179, 359
List the prime factors of 2039509.
2039509
What are the prime factors of 1586353?
71, 22343
What are the prime factors of 1051687?
7, 13, 127
What are the prime factors of 2589348?
2, 3, 151, 1429
List the prime factors of 2797620.
2, 3, 5, 7, 6661
What are the prime factors of 641474?
2, 43, 7459
What are the prime factors of 442820?
2, 5, 7, 3163
List the prime factors of 702682.
2, 351341
What are the prime factors of 2980297?
2980297
List the prime factors of 9722907.
3, 167, 6469
List the prime factors of 136038.
2, 3, 7, 41, 79
List the prime factors of 841766.
2, 97, 4339
What are the prime factors of 8823050?
2, 5, 176461
What are the prime factors of 11696397?
3, 23, 179, 947
List the prime factors of 203416.
2, 47, 541
What are the prime factors of 156791?
17, 23, 401
List the prime factors of 2086230.
2, 3, 5, 197, 353
List the prime factors of 5814733.
281, 20693
What are the prime factors of 96524?
2, 59, 409
What are the prime factors of 14871149?
14871149
What are the prime factors of 6529272?
2, 3, 272053
List the prime factors of 1159360.
2, 5, 3623
What are the prime factors of 20594833?
7, 41, 73, 983
What are the prime factors of 1178575?
5, 47143
What are the prime factors of 67873?
13, 23, 227
List the prime factors of 3835894.
2, 23, 83389
What are the prime factors of 37445918?
2, 389, 48131
What are the prime factors of 365422?
2, 182711
List the prime factors of 19012450.
2, 5, 37, 43, 239
List the prime factors of 266513.
13, 19, 83
What are the prime factors of 676122?
2, 3, 112687
List the prime factors of 1697245.
5, 11, 30859
List the prime factors of 1190895.
3, 5, 79393
What are the prime factors of 481357?
139, 3463
List the prime factors of 739625.
5, 61, 97
What are the prime factors of 12409959?
3, 4136653
What are the prime factors of 1386513?
3, 154057
What are the prime factors of 172479?
3, 57493
List the prime factors of 46402.
2, 23201
List the prime factors of 967307.
11, 47, 1871
List the prime factors of 19078613.
173, 110281
List the prime factors of 7288467.
3, 2429489
What are the prime factors of 842107?
7, 59, 2039
List the prime factors of 7317812.
2, 19, 73, 1319
List the prime factors of 2807896.
2, 7, 13, 19, 29
List the prime factors of 1367383.
1367383
What are the prime factors of 52205?
5, 53, 197
What are the prime factors of 57565?
5, 29, 397
What are the prime factors of 33547726?
2, 16773863
What are the prime factors of 4856593?
7, 693799
List the prime factors of 3234669.
3, 139, 7757
What are the prime factors of 778049?
778049
What are the prime factors of 23153558?
2, 17, 680987
List the prime factors of 87688.
2, 97, 113
List the prime factors of 12927661.
12927661
What are the prime factors of 7391830?
2, 5, 739183
What are the prime factors of 1993490?
2, 5, 163, 1223
List the prime factors of 388331.
17, 53, 431
List the prime factors of 19326537.
3, 647, 3319
List the prime factors of 497133.
3, 7, 13, 607
List the prime factors of 1118250.
2, 3, 5, 7, 71
What are the prime factors of 80138?
2, 17, 2357
List the prime factors of 1424136.
2, 3, 7, 173
List the prime factors of 2537982.
2, 3, 19, 41, 181
What are the prime factors of 8183301?
3, 7, 347, 1123
List the prime factors of 2505391.
7, 357913
What are the prime factors of 10319281?
7, 659, 2237
What are the prime factors of 91284?
2, 3, 7607
List the prime factors of 543351.
3, 139, 1303
What are the prime factors of 491907?
3, 13, 12613
List the prime factors of 1236900.
2, 3, 5, 7, 19, 31
What are the prime factors of 84823?
271, 313
What are the prime factors of 2635965?
3, 5, 19, 3083
List the prime factors of 1101567.
3, 367189
What are the prime factors of 4266019?
149, 28631
List the prime factors of 181741.
7, 3709
What are the prime factors of 32392471?
97, 419, 797
List the prime factors of 1466236.
2, 37, 9907
What are the prime factors of 367114?
2, 11, 37, 41
List the prime factors of 512923.
23, 29, 769
List the prime factors of 70593.
3, 23531
What are the prime factors of 658535?
5, 131707
List the prime factors of 27742.
2, 11, 13, 97
What are the prime factors of 2170136?
2, 61, 4447
What are the prime factors of 461019?
3, 13, 11821
List the prime factors of 536633.
536633
What are the prime factors of 719162?
2, 359581
What are the prime factors of 2959758?
2, 3, 164431
What are the prime factors of 586741?
586741
What are the prime factors of 4242750?
2, 3, 5, 5657
List the prime factors of 348608.
2, 13, 419
List the prime factors of 556044.
2, 3, 46337
List the prime factors of 3369257.
37, 41, 2221
List the prime factors of 964525.
5, 41, 941
List the prime factors of 10923061.
17, 642533
List the prime factors of 25214866.
2, 241, 52313
List the prime factors of 152653.
293, 521
List the prime factors of 374991.
3, 239, 523
What are the prime factors of 33468630?
2, 3, 5, 13, 85817
List the prime factors of 1416235.
5, 31, 9137
List the prime factors of 631225.
5, 7, 3607
List the prime factors of 106387.
191, 557
List the prime factors of 3092354.
2, 263, 5879
What are the prime factors of 3464220?
2, 3, 5, 57737
List the prime factors of 164237.
17, 9661
What are the prime factors of 5619733?
7, 751, 1069
What are the prime factors of 4178333?
4178333
What are the prime factors of 20856259?
20856259
List the prime factors of 6910193.
53, 241, 541
What are the prime factors of 39337?
139, 283
What are the prime factors of 179961?
3, 223, 269
What are the prime factors of 2212082?
2, 37, 167, 179
What are the prime factors of 535005?
3, 5, 1321
What are the prime factors of 1902720?
2, 3, 5, 991
What are the prime factors of 12539607?
3, 139, 30071
List the prime factors of 537498.
2, 3, 13, 2297
List the prime factors of 769743.
3, 13, 17, 43
List the prime factors of 10000831.
10000831
List the prime factors of 327823.
327823
List the prime factors of 1602729.
3, 37, 4813
What are the prime factors of 5601644?
2, 1400411
List the prime factors of 5485215.
3, 5, 503, 727
What are the prime factors of 1527786?
2, 3, 13, 6529
What are the prime factors of 2645689?
41, 173, 373
What are the prime factors of 156369?
3, 47, 1109
List the prime factors of 9058476.
2, 3, 7, 107839
What are the prime factors of 9307355?
5, 1861471
What are the prime factors of 401287?
401287
What are the prime factors of 7098070?
2, 5, 7, 31, 3271
List the prime factors of 195061.
107, 1823
List the prime factors of 918219.
3, 349, 877
List the prime factors of 283587.
3, 94529
What are the prime factors of 1678971?
3, 7, 17, 4703
List the prime factors of 81807.
3, 11, 37, 67
What are the prime factors of 609213?
3, 11, 18461
List the prime factors of 7755655.
5, 17, 91243
List the prime factors of 148386.
2, 3, 7, 3533
List the prime factors of 5219677.
1567, 3331
List the prime factors of 29602778.
2, 59, 250871
List the prime factors of 12652321.
11, 1150211
List the prime factors of 1149267.
3, 7, 54727
What are the prime factors of 8603277?
3, 37, 179, 433
What are the prime factors of 6437135?
5, 17, 75731
List the prime factors of 4674545.
5, 934909
List the prime factors of 486961.
83, 5867
What are the prime factors of 145234?
2, 72617
What are the prime factors of 60229?
13, 41, 113
What are the prime factors of 935829?
3, 103981
What are the prime factors of 16130042?
2, 17, 474413
What are the prime factors of 10518063?
3, 1777, 1973
What are the prime factors of 2878550?
2, 5, 57571
What are the prime factors of 701283?
3, 11, 79, 269
What are the prime factors of 2956353?
3, 985451
What are the prime factors of 28564?
2, 37, 193
What are the prime factors of 9669907?
13, 127, 5857
What are the prime factors of 218396?
2, 71, 769
List the prime factors of 133378.
2, 7, 1361
What are the prime factors of 3629882?
2, 431, 4211
List the prime factors of 172698.
2, 3, 107, 269
List the prime factors of 3714503.
13, 285731
List the prime factors of 299903.
299903
List the prime factors of 6785806.
2, 1699, 1997
List the prime factors of 613847.
13, 23, 2053
What are the prime factors of 1713770?
2, 5, 17, 593
List the prime factors 